)/(-4) + -4)*3/x?
1
Let u(y) = 33*y - 8 - 30*y - 7*y**2 + 34*y**2 + 2. Suppose -3*f + 21 = 15. What is the hundreds digit of u(f)?
1
Let b(o) = 3*o**3 + 154*o**2 - 378*o + 179. What is the units digit of b(-48)?
3
Let u(k) = 49*k + 72. Let g(j) = -j**3 + 12*j**2 - 5*j - 60. Let b be g(11). What is the tens digit of u(b)?
6
Suppose 2*o + 312 = -o. Let r = 133 + o. Let i = 93 - r. What is the units digit of i?
4
Suppose 3*i + 179 = -0*x + 2*x, -3*i = 3*x - 291. Let f = x - 67. What is the tens digit of 221/7 + 1 + f/63?
3
Suppose -4*m - 36667 = -3*w + 225, -5*w + 5*m = -61485. What is the units digit of w?
6
Suppose 5*s - 15 = r, 4*s = -7*r - 584 + 635. Let b(v) be the first derivative of v**4/4 + v**3/3 - 15*v**2/2 - v - 1. What is the tens digit of b(r)?
7
Suppose -5*t + 4*y = 110, -4*y = -t - y - 33. What is the units digit of (-28 + 1)*372/t?
8
Suppose 264*w - 656202 - 162990 = 0. What is the units digit of w?
3
Let a be (-3)/((-90)/4) - (-67953402)/1485. Suppose -14*q - a = -40*q. What is the thousands digit of q?
1
Let p(x) = -9 - 493*x**3 + 9 - 60*x**2 - 29*x + 37 + 496*x**3. What is the tens digit of p(21)?
5
Let h(q) = -5702*q - 3273. What is the ten thousands digit of h(-16)?
8
Let h be (-4)/(-14) + (216/21)/6. Let w(a) = h - 9*a - 18*a + 18*a. What is the tens digit of w(-11)?
0
Suppose -58 = -12*h + 2. Suppose -5*j = -h + 10, -3*g + 5*j + 623 = 0. What is the units digit of g?
6
Suppose 614*n - 7582 = 580*n. What is the tens digit of n?
2
What is the ten thousands digit of ((33/(-8))/(12/(-136)))/((-12)/(-6576))?
2
Suppose -41*t = -38*t - 132. Suppose -18*w + t*w - 3510 = 0. What is the hundreds digit of w?
1
Suppose -5*u + 6*u + 5 = -v, -4*u = 0. Let g = -1 - v. Suppose -310 = -8*j + 4*j + 2*i, j + g*i - 55 = 0. What is the tens digit of j?
7
Let p = -203 + 206. Suppose 63 = o - 3*a + a, 267 = 4*o - p*a. What is the units digit of o?
9
Let k be 1 + ((-2)/(-3))/(20/90). Suppose -k*x + 16 - 4 = 0. Suppose 4*m - m - 556 = 4*o, -5*o = x*m - 601. What is the hundreds digit of m?
1
Let j(r) = -r**2 - r + 1. Let x(s) = 7*s**2 - 5*s - 11. Let m(q) = -6*j(q) - x(q). Let l be m(9). What is the units digit of l/(-3*2/(-24))?
2
Suppose 4*x = -5*q + 2436, 17*x + 4*q = 14*x + 1827. What is the hundreds digit of x?
6
Let y(w) = 3*w**2 + 22*w + 207. What is the tens digit of y(-20)?
6
Let m(t) = 52*t**3 + t**2 + t - 2. Let b be m(1). Let i be 9680/b - (-4)/(-26). Let p = 84 + i. What is the units digit of p?
0
Suppose -4*h = -4*a - 80, 2*h + 17 = 3*h - 2*a. Suppose 0 = 8*n - 274 + 58. Suppose -h*u = -n*u + 72. What is the units digit of u?
8
Suppose 2*i = 3*z + 1313, 4*z + 0*z + 20 = 0. Let l = i - 407. What is the tens digit of l?
4
Suppose -11*f + 2*f = -2313. Let i = f - -113. What is the hundreds digit of i?
3
What is the units digit of 471 + (-6 - (-36)/4)/(-1)?
8
Let k(p) = 411*p**2 - 10*p + 1. What is the units digit of k(2)?
5
What is the tens digit of (-5 - (-5 + -7)) + 13430/5?
9
Suppose -28*f = -10*f - 40356. Suppose 2903 = 4*y + j - f, -5*y + 6431 = j. What is the hundreds digit of y?
2
Let k(v) = v**2 + 21*v + 2279. What is the thousands digit of k(-79)?
6
Suppose -2*x + 54 = 66. What is the tens digit of 2*(144 + x) + -2?
7
Suppose -34194 = -48*b + 44*b - 2*o, -3*b - 4*o = -25648. What is the hundreds digit of b?
5
Let b be 8/5*60/24 + 8294. Suppose -22*r + 20610 + b = 0. What is the tens digit of r?
1
Let s(k) = -k**3 - 2*k**2 + k. Let r be (-4)/(-2)*(5/(-2) - -1). Let u be s(r). Suppose 180 = u*a - a. What is the units digit of a?
6
Let v = 26 + -26. Suppose -2*s + 2*w - 68 = v, -w = 5*s - 5*w + 174. Let m = 62 - s. What is the hundreds digit of m?
1
Suppose -l + 4*l = -3*t - 120, 0 = -3*l + 6. Let s = t - -30. What is the units digit of (s/8)/((-3)/4)?
2
Let k = -24 + 33. Suppose k*y = 3*y. Suppose -5*b + 15 = y, -l + 2*b + 16 = -3*b. What is the units digit of l?
1
Let a be (-4 - 46/(-6)) + 2/(-3). Suppose a*s - 5*t = 3 + 5, -s + 4*t = -5. What is the units digit of (-2136)/(-27) + s/(-9) - 0?
9
Suppose 0 = 3*p - 3*t - 31290, -63585 = -5*p - 5*t - 11375. What is the thousands digit of p?
0
Suppose 140 = 30*y - 28*y. Let l = y + -50. Let m(c) = -c**3 + 19*c**2 + 22*c + 8. What is the units digit of m(l)?
8
Suppose 0 = -4*o - 4*h - 8, 15 = -o - 5*h - 3. What is the tens digit of o - (-12)/(-5) - (-131901)/165?
9
Let b = -284 - -289. Suppose -n = -2*y - 178, b*n + 271 = 3*y + 1161. What is the units digit of n?
8
Suppose 0 = x + 3*s, 2*x + 1 + 14 = -3*s. What is the tens digit of (-7934)/(-10) + (-2)/x*-3?
9
Let a(v) = -3 - 16 - 62 - 545*v. What is the hundreds digit of a(-2)?
0
Let u(s) = s**3 + 5*s**2 + 4*s - 9. Let p be u(-4). What is the hundreds digit of 11*p/(-198) - (-3754)/4?
9
Let b(l) = l**3 - 15*l**2 - 2*l - 77. What is the hundreds digit of b(18)?
8
Suppose -3*s + 1066 = -4*t, -2*s - 14*t = -13*t - 696. Let n = s + 217. What is the hundreds digit of n?
5
What is the ten thousands digit of (11 - 1245/105)/(3376932/675388 + -5)?
7
What is the thousands digit of (-2)/3*8/(320/(-2582700))?
3
Suppose -3*k = 3*m - 396, -2*k + 294 = -5*m + 16. What is the tens digit of k?
3
Let d = 417 - -342. Suppose -37*p = -14*p - d. What is the units digit of p?
3
What is the tens digit of (-4)/(-22) + (-98728)/(-132)*3?
4
Suppose 2*k + 109 = 309. Let p = 314 - k. What is the units digit of p?
4
Let f = -300 + 367. Let g = f + 213. What is the units digit of g?
0
Let n(s) = s**3 - 28*s**2 - 3*s + 93. Let f be n(28). Suppose -f*l = -484 - 776. What is the tens digit of l?
4
Let b(l) = 8*l + 115. Let d be b(-15). What is the hundreds digit of -4 + 855 - (d - -4)*4?
8
Suppose 17 = 5*f - 25*r + 29*r, 5*r = -10. Suppose 340 = 2*j - 4*q, -j = f*q - 252 + 54. What is the tens digit of j?
7
Suppose -3*h = -p - 714, -5*h + 4*p = -521 - 669. Let w = h + -187. What is the units digit of w?
1
Suppose 0 = 2*y - 133 + 125. Suppose y*j = -4*o + 3*o + 2173, 2*j = 4*o + 1064. What is the hundreds digit of j?
5
Let i be (4 - -2)*(8/12 + 0). Suppose 576 = 3*g - 3*k, i*g = 2*g - 3*k + 369. What is the units digit of g?
9
Let l(a) = 1112*a**3 + 6*a**2 - 36*a + 29. What is the ten thousands digit of l(3)?
2
Suppose 4*o - 973 - 75 = 0. Suppose 6*z - 5*z - 277 = 2*q, -3*q + o = z. What is the units digit of z?
1
Let x(p) be the second derivative of 2*p**5 - 5*p**4/12 + p**3/3 - p**2 - 4*p + 15. What is the hundreds digit of x(2)?
3
Let w = 418 - 401. What is the tens digit of (-4)/18*-2839 + w/153?
3
Let o(u) = -3*u**2 + 23 - 13*u - 13*u**3 + 4*u**3 + 3*u**2 + u**2 + 11*u. What is the hundreds digit of o(-5)?
1
Let y be ((-5)/15)/((-1)/(-3)) - -1. Suppose y*n = 29*n - 4582. What is the tens digit of n?
5
Suppose -120744 = 148*k - 191*k. What is the tens digit of k?
0
Let p be ((-14)/4)/((-12)/456). Let m = -88 + p. What is the hundreds digit of 30/m - (1504/6)/(-2)?
1
Let g(a) = 47*a**3 + 10*a**2 - a - 6. What is the thousands digit of g(4)?
3
Let g be 39/6 - (-2)/(-4). Suppose -4*u = -12, 5*t - u - 410 = -g*u. Suppose 84*b - 600 = t*b. What is the units digit of b?
0
Suppose -55*n + 42*n + 1898 = 0. Let k = 533 + n. What is the units digit of k?
9
Let h = 605 - 1233. What is the units digit of (-31)/(-155) + h/(-10)?
3
Let r(x) = -3*x**3 + 162*x**2 + 23*x - 32. What is the tens digit of r(21)?
1
What is the hundreds digit of (-91156)/(-4) - (10 + 10 + -10)?
7
Let d(b) = 2*b - 13. Let u be d(8). Suppose -2*z - 4*i = -6*z + 1028, -4*z - 4*i = -1020. Suppose -u*l + z = 4*s - 2*l, 12 = -3*l. What is the tens digit of s?
6
Let i = 1660 - 540. Let t = i - 651. What is the tens digit of t?
6
Suppose 5*f + 40 = 0, -53*i + 3*f + 78636 = -51*i. What is the ten thousands digit of i?
3
Let l = -501 + 532. What is the tens digit of l?
3
Suppose -30*r - d = -34*r + 121566, 5*d - 151970 = -5*r. What is the ten thousands digit of r?
3
Let f = 24 - 24. Suppose -c - 15 + 77 = f. Suppose d - c = 56. What is the units digit of d?
8
Let j be (-18)/24 + 19/4. Suppose j*q + 4*g = 720 - 240, -5*g + 25 = 0. Let p = q + -105. What is the tens digit of p?
1
Let x(b) = -b**3 - 14*b**2 + 12. Let g be x(-14). What is the units digit of (-3)/g + (-2965)/(-4)?
1
Let n = -1 + 2. Let g(y) = 29*y**3 - 3*y**2 + 4*y - 2. What is the tens digit of g(n)?
2
What is the tens digit of (-5)/((-35)/2) 